. Let k be t(-5). Suppose -k*u - r = -77, 3*u + 4*r - 23 = 2*u. What is the units digit of u?
5
Let b(r) = 13*r**2 + 32*r - 86. What is the tens digit of b(16)?
5
Let m(c) = c - 3. Let l be m(6). Suppose -5*g + 4*r = 3, 5*g + 0 = l*r - 6. What is the units digit of (-8 - -4 - g)*-41?
1
Let q(v) be the first derivative of -4 - 2/3*v**3 - v**2 + 5*v + 1/4*v**4. What is the units digit of q(3)?
8
Let c = 139 + -17. What is the units digit of c/18 + 24/108?
7
Let o = -14 + 19. Let z be -3 + (-4)/2 + o. Suppose z = -2*g + 7 + 13. What is the tens digit of g?
1
Suppose v - 63 = -12. Let u = -36 + v. What is the tens digit of u?
1
Suppose 5*n + t - 646 = 214, 5*n - 3*t = 840. What is the hundreds digit of n?
1
Let z = -4280 - -7119. What is the tens digit of z?
3
Let k = 23 - 23. Suppose s - 34 - 13 = k. Suppose 2*v = 5*o + 72 - 293, o + v - s = 0. What is the units digit of o?
5
Suppose 4*q + 4709 = -17163. What is the tens digit of q/(-60) - (-2)/(-15)?
9
Let h = 582 + 362. What is the tens digit of h?
4
Suppose -7*s + 10*s + 9 = 0. Let a(p) = -3*p - 2. What is the units digit of a(s)?
7
Let d(l) = 50*l + 404. What is the hundreds digit of d(17)?
2
Let w = 10035 - 5850. What is the tens digit of w?
8
Suppose -5*j + 3*j = 112. What is the tens digit of (-7)/(j/(-30))*-4?
1
Let w be (-4 + 5)/((-1)/(-17)). Suppose 6*t + 583 = w*t. What is the units digit of t?
3
Suppose -29 = -2*w - 9. Let r be (12/w)/((-15)/75). Let u(q) = q**3 + 5*q**2 - 15*q - 7. What is the tens digit of u(r)?
4
Suppose -2*k + 3*d + 71 = 2*d, -k + 22 = 4*d. Let m = k + -8. What is the units digit of m?
6
Let s be ((-3)/(-5))/(1/5). Suppose -305 = 13*p - 14*p. Suppose -p = -2*u - s*u. What is the units digit of u?
1
Let g = 616 + -192. What is the units digit of g?
4
Let w(t) = 6*t - 16*t - 7*t**2 - 1 - t**3 + 9*t + 11*t. What is the tens digit of w(-9)?
7
Suppose 2*g - 94 = 48. What is the tens digit of g?
7
Let a(f) = 6*f**2 + 3*f - 2. Let t be a(-5). Suppose -263 - t = -3*n. Let r = n - 83. What is the units digit of r?
9
Let n = 51 - -36. Suppose 3*s = 2*v + n - 11, s = 2*v + 20. Suppose -3*l = -2*l - s. What is the tens digit of l?
2
Let m = 9409 + -5034. What is the hundreds digit of m?
3
Let i = 25 - 24. What is the tens digit of 114 - (-2 - (-1 - 1))/i?
1
Let l(m) = -m**2 - 24*m + 22. What is the tens digit of l(-20)?
0
Let k = -118 + 122. Suppose 272 = -k*y + 964. What is the units digit of y?
3
Let l(f) = 22*f**2 - 5*f - 74. What is the units digit of l(-7)?
9
Let z be (-3 - 417/6) + (-9)/6. Let o be 4/(-10) + 3/(-5). What is the units digit of z/(-12) - o/(-6)?
6
Let l be (0/1)/(4 - 5). Suppose -2*v + 3*v - 15 = l. What is the units digit of v?
5
Let k be ((-27)/(-6) - 4)*(0 - 0). Suppose -8*q + 13*q - 510 = k. What is the hundreds digit of q?
1
Let l(g) = g**3 - 4*g**2 - 6*g + 3. Let j = -6 + 12. Let w be l(j). Suppose 0 = u - 0*u - w. What is the units digit of u?
9
Suppose 0 = -79*k + 106*k - 58401. What is the thousands digit of k?
2
Let l = 100 + -34. What is the tens digit of l?
6
Let s(g) = 3*g**2 + 11*g + 27. What is the hundreds digit of s(-10)?
2
Let w(f) = -f**3 - 4*f**2 + 6*f - 4. Let v be w(-5). Let n = 9 + v. Suppose -y + 4*d + 2 = -n*d, 5*y + 5*d - 10 = 0. What is the units digit of y?
2
Suppose 0 = 4*r - 0*r - 1104. Suppose -x = -7*x + r. What is the units digit of x?
6
Let p(i) = 2*i + 30. Let m be p(-13). Let z = m + 118. What is the units digit of z?
2
Let h(p) = -11*p + 2. Let z(l) = -l + 1. Let y = -30 - -20. Let u(g) = y*z(g) + 2*h(g). What is the tens digit of u(-7)?
7
Let l(g) = -9*g + 1. Let a be l(12). Let s = a + 188. Suppose t - s = -2*t. What is the tens digit of t?
2
Let k = -7 + 15. Let w(i) = 8 + i**2 - 6*i - k*i - 2*i. What is the units digit of w(16)?
8
Let u = -2143 + 5095. What is the hundreds digit of -2*((-1)/4)/(12/u)?
1
Let y(n) be the first derivative of n**3/3 + 5*n**2 + 2*n - 5. Let p be y(-10). What is the units digit of 25/3 - p/6?
8
Let t be (9/4)/(9/96). Suppose -t*q + 23*q = -8. What is the units digit of q?
8
Let s = -299 - -498. Let w = s + -53. What is the hundreds digit of w?
1
Let d be 376/(-56) + 2/(-7). Let p = 7 + d. Suppose -3*c + 90 = -2*t, 2*c + 5*t - 79 = -p*t. What is the units digit of c?
2
Suppose -14151 = -28*c + 71725. What is the thousands digit of c?
3
Let m(t) = 4*t**3 + 3*t**2 - 2*t - 2. Suppose -5*f - 12 = -9*f. What is the tens digit of m(f)?
2
Let y(r) = r**3 - 7*r**2 + 11*r - 6. Let m be y(6). What is the tens digit of 5816/m + (-2)/(-3)?
4
Let h be ((-18)/8)/(2/(-336)). Let s be h/4 + (-6)/(-4). Suppose -4*g = 2*p - 7*p - 123, 4*p = -4*g + s. What is the units digit of g?
7
Let r(c) = c**3 - 4*c**2 + 2. Let v be r(4). Suppose 3*m - 15 = 0, -v*l = -5*m - 17 + 2. What is the units digit of l?
0
Suppose -b + 491 = -17. What is the hundreds digit of b?
5
Let g be 15/4 + 1/4. Suppose -c = 5*t - 41, 88 = 6*c - 4*c + 4*t. Suppose -h - h = g*z - c, -5*z = 4*h - 83. What is the tens digit of h?
1
Let i = -24 - -22. What is the units digit of (-3 + 188/i)/(-1) + 3?
0
Let a be (-2)/(-8) + (-51)/12. Let m = a + 0. What is the units digit of (6/(-4) - -1)*m?
2
Let b(v) be the second derivative of -v**3/3 + 2*v. Let k = -13 + 11. What is the units digit of b(k)?
4
Let a(b) = 33*b**2 - 3*b - 24. What is the units digit of a(-4)?
6
Let t(h) = -h**3 - 13*h**2 + 11*h - 8. What is the units digit of t(-14)?
4
Let y(u) = u**3 + 7*u**2 - 2*u - 4. Suppose -5 - 7 = -4*z. Suppose 0 = 2*i - 4*g + 28, i + 3*g - 3 = z. What is the units digit of y(i)?
4
Let b(i) be the first derivative of i**4/12 - 5*i**3/6 + i**2/2 - 9*i - 8. Let d(s) be the first derivative of b(s). What is the units digit of d(5)?
1
Suppose -2*z - 5*x - 8 = -42, 3*x = -z + 18. Let o = -16 - -112. Suppose -o + z = -4*r. What is the units digit of r?
1
Let z = 3 + 2. Let k(i) = i**3 - 6*i**2 + 7*i - 6. Let c be k(z). Suppose -5*l - 3*r = -209, 0*r + r = -c*l + 170. What is the tens digit of l?
4
Suppose -5*z = 5*x - 0*z + 70, 62 = -3*x + z. Suppose 16 = -m - 18. Let a = x - m. What is the units digit of a?
5
Suppose 2*o - 10 = 16. Suppose d + o = 2*d. Suppose -3*i - u = -7, -5*u = i - 2*u - d. What is the units digit of i?
1
Suppose 2*w = 4, 5*w - 6*w = 2*c - 4894. What is the units digit of c?
6
Suppose 22*r + 105 - 7255 = 0. What is the hundreds digit of r?
3
Let y be ((-8)/(-6))/(4/198). Let b = y + -6. What is the tens digit of b?
6
What is the tens digit of 3005/7 + 104/(-364)?
2
What is the hundreds digit of (1013 + -2)*-9*10/(-90)?
0
Let t(o) = -o**3 + 5*o**2. Let a be t(5). Let g = 5 + a. Suppose g*l = 25, 0 = 5*y + l - 3 - 32. What is the units digit of y?
6
Suppose 5*m - 25 = -15. What is the units digit of (-18)/(-12) + m/(-4)?
1
Let c(a) = 127*a - 493. What is the hundreds digit of c(10)?
7
Let h = -372 + 645. What is the units digit of h?
3
Suppose 2*r = -1 - 1. Let g = 6 + r. Suppose 160 = g*y - 5*t, -2*t - 136 = -7*y + 3*y. What is the tens digit of y?
3
Suppose 5*w + 2664 = -2*f + 6*f, 0 = -4*w. What is the hundreds digit of f?
6
Suppose -6304 = -170*a + 162*a. What is the hundreds digit of a?
7
Let j = 9164 - 5825. What is the hundreds digit of j?
3
Suppose 0*m = -m + q + 74, 0 = -2*m + q + 148. Suppose -8*n + 682 = m. What is the tens digit of n?
7
Suppose -20*p + 21*p + 5*f = 1920, 2*p - 3*f = 3827. What is the hundreds digit of p?
9
Let c(b) = -b**3 + 19*b**2 - 6*b + 20. What is the tens digit of c(18)?
3
Suppose 4*l - 387 = -p + 1034, -1774 = -5*l - 2*p. What is the units digit of l?
6
Let c = 23 - 27. What is the tens digit of c/1 + 75 + -1?
7
Let w = 1766 + 1837. What is the thousands digit of w?
3
Suppose -2*t = -1 + 3. Let l(m) = -14*m**3 - 1 + 1 - m - 13*m**3. What is the tens digit of l(t)?
2
Let o = -11 - 81. What is the tens digit of (-5)/((-30)/o)*(1 - 4)?
4
Let m = -6 + -1. Let a be (-5)/(105/(-36))*m. What is the tens digit of (-2)/(-4) - 462/a?
3
Suppose 2*v = -3*d - 52 + 267, -5*d + 367 = -v. What is the units digit of d?
3
Suppose -22752 = -25*w - 23*w. What is the units digit of w?
4
Suppose 12 + 3 = 5*w. Suppose 78 = 3*s + 2*g - 86, 4*s = -w*g + 220. Let p = s - 13. What is the units digit of p?
9
Let i be (80/12)/((-2)/(-6)). Suppose 4*l + i = -0*l. Let r = l + 22. What is the units digit of r?
7
Suppose 5*m - 16 =